{"id":44,"date":"2022-02-01T12:58:51","date_gmt":"2022-02-01T12:58:51","guid":{"rendered":"https:\/\/vetdoc2022.ulpgc.es\/?page_id=44"},"modified":"2022-05-13T21:49:26","modified_gmt":"2022-05-13T21:49:26","slug":"resumenes","status":"publish","type":"page","link":"https:\/\/vetdoc2022.ulpgc.es\/index.php\/resumenes\/","title":{"rendered":"Res\u00famenes"},"content":{"rendered":"\n<p class=\"has-text-align-justify\">La Junta Directiva de la Asociaci\u00f3n Espa\u00f1ola de Veterinarios Docentes (VetDoc), siguiendo sus objetivos fundacionales decidi\u00f3 poner en marcha en 2016 la edici\u00f3n de la revista \u201cVetDoc. Revista de Docencia Veterinaria\u201d, con el objetivo de convertirse en la revista de referencia en educaci\u00f3n veterinaria publicada en lengua espa\u00f1ola. Asimismo, de cara a incrementar la visibilidad, accesibilidad e impacto de las actividades organizadas por esta asociaci\u00f3n, la Junta Directiva ha nominado esta revista como el medio donde se publicar\u00e1n los res\u00famenes de los trabajos presentados en los congresos anuales a trav\u00e9s de un n\u00famero especial; de forma que estos sean tambi\u00e9n accesibles al p\u00fablico a trav\u00e9s de la p\u00e1gina web de la revista. La revista se publicar\u00e1 inicialmente \u00fanicamente en l\u00ednea, y se solicitara el correspondiente ISSN y su indexaci\u00f3n en las respectivas bases de datos. Los art\u00edculos y res\u00famenes se publicar\u00e1n en abierto siguiendo una licencia \u201cCreative Commons\u201d<\/p>\n\n\n\n<hr class=\"wp-block-separator\"\/>\n\n\n\n<p class=\"has-text-align-justify\">En la p\u00e1gina web de la revista&nbsp;<a href=\"http:\/\/www.vetdoc.es\/index.php?journal=vetdoc\" target=\"_blank\" rel=\"noreferrer noopener\">http:\/\/www.vetdoc.es\/index.php?journal=vetdoc<\/a>&nbsp;se encuentra toda la informaci\u00f3n relativa a las normas editoriales que los autores deber\u00e1n de seguir para enviar sus trabajos.&nbsp;<strong>El env\u00edo de res\u00famenes para el VI Congreso VetDoc se realizar\u00e1 exclusivamente a trav\u00e9s de esta plataforma electr\u00f3nica.<\/strong>&nbsp;No obstante, para el env\u00edo de res\u00famenes no son necesarios todos los pasos de las instrucciones para autores que figuran en la p\u00e1gina web, por lo que aquellos autores deber\u00e1n seguir las siguientes instrucciones:<\/p>\n\n\n\n<hr class=\"wp-block-separator\"\/>\n\n\n\n<p class=\"has-medium-font-size\"><strong>Requisitos\/Formato del resumen<\/strong><\/p>\n\n\n\n<p class=\"has-text-align-justify\">El trabajo se deber\u00e1 enviar en formato *.doc, *.docx o *.odt, tama\u00f1o DIN A4, con m\u00e1rgenes de 2 cm e interlineado de 1.15 l\u00edneas. El resumen deber\u00e1 incluir:<\/p>\n\n\n\n<ul class=\"wp-block-list\"><li>El t\u00edtulo del trabajo en espa\u00f1ol \u2013&nbsp;<em>Fuente Gill Sans, tama\u00f1o 18 ptos, negrita.<\/em><\/li><li>El t\u00edtulo del trabajo en ingl\u00e9s &#8211;&nbsp;<em>Fuente Gill Sans, tama\u00f1o 16 ptos, negrita y cursiva, color de fuente gris (RGB rojo: 128, verde: 128, azul: 128).<\/em><\/li><li>Listado de autores (indicando \u00fanicamente el Apellido seguido de la inicial del Nombre (\u00abP\u00e9rez, M.\u00bb), separando los autores con punto y coma y subrayando el autor que realizar\u00e1 la presentaci\u00f3n).&nbsp;<em>Por cuestiones de indexaci\u00f3n, aquellos autores que quieran constar con dos apellidos, deber\u00e1n unirlos mediante un guion &#8211; Fuente Gill Sans, tama\u00f1o 11 ptos, cursiva.<\/em><\/li><li>Instituci\u00f3n donde ha sido realizado el trabajo (En caso de que el trabajo se realizase en m\u00e1s de un departamento\/instituci\u00f3n, indicar a cual pertenecen cada uno empleando n\u00fameros en super\u00edndice (1, 2, &#8230;) tras el la inicial del nombre de cada autor &#8211;&nbsp;<em>Fuente Gill Sans, tama\u00f1o 11 ptos, cursiva.<\/em><\/li><li>Direcci\u00f3n de correo electr\u00f3nico del autor encargado de la correspondencia, haciendo constar a continuaci\u00f3n el Apellido e inicial del nombre del autor entre par\u00e9ntesis &#8211;&nbsp;<em>Fuente Gill Sans, tama\u00f1o 11 ptos, cursiva.<\/em><\/li><li>El texto del resumen con un&nbsp;<strong><u>l\u00edmite de 500 palabras&nbsp;<\/u><\/strong>(ya sea en texto libre o subdividido en secciones como Introducci\u00f3n, M\u00e9todos, Resultados y Discusi\u00f3n y Conclusiones).&nbsp;<em>Fuente Gill Sans, tama\u00f1o 11 ptos, normal, salvo los encabezados de las secciones, que ser\u00e1n en negrita.<\/em><\/li><li>Referencias \u2013&nbsp;<em>Fuente Gill Sans, el t\u00edtulo del encabezado en tama\u00f1o 11 ptos y negrita, las referencias en tama\u00f1o de 9 ptos y con interlineado sencillo.&nbsp;<u>Ver siguiente secci\u00f3n para el formato de las referencias<\/u><\/em><\/li><li>Palabras clave: Entre 4 y 5 palabras clave (no incluidas en el t\u00edtulo) que ayuden a clasificar el trabajo &#8211;&nbsp;<em>Fuente Gill Sans, tama\u00f1o 10 ptos, normal, salvo el encabezado que ser\u00e1n en negrita.<\/em><\/li><\/ul>\n\n\n\n<hr class=\"wp-block-separator\"\/>\n\n\n\n<p class=\"has-text-align-justify\">Se recomienda hacer uso de esta plantilla para mantener el formato adecuado. Aquellos trabajos que no sigan estas normas ser\u00e1n devueltos a sus autores para su correcci\u00f3n.<\/p>\n\n\n\n<hr class=\"wp-block-separator\"\/>\n\n\n\n<p class=\"has-medium-font-size\"><strong>Formato de las referencias bibliogr\u00e1ficas<\/strong><\/p>\n\n\n\n<p class=\"has-text-align-justify\">Todas las citas y referencias deber\u00e1n estar documentadas con citas espec\u00edficas. En el texto, se mantendr\u00e1 el orden cronol\u00f3gico en caso de citar varios autores. Las referencias en el texto deben hacerse siguiendo los siguientes ejemplos:<\/p>\n\n\n\n<ul class=\"wp-block-list\"><li>Un autor: (Castillo, 2005)<\/li><li>Dos autores: (Garc\u00eda y P\u00e9rez, 1999)<\/li><li>M\u00e1s de 2 autores: (Hern\u00e1ndez&nbsp;<em>et al<\/em>., 2015)<\/li><\/ul>\n\n\n\n<p class=\"has-text-align-justify\">Las referencias m\u00faltiples se har\u00e1n seg\u00fan se indica en el siguiente ejemplo: (G\u00f3mez&nbsp;<em>et al.<\/em>, 1987 y 2001). Se a\u00f1adir\u00e1 una letra al a\u00f1o de publicaci\u00f3n para identificar art\u00edculos del mismo autor y del mismo a\u00f1o (2012a, b). La cita podr\u00e1 formar parte de la frase en el texto, como sigue \u00abcomo indicaban Mart\u00ednez&nbsp;<em>et al.&nbsp;<\/em>(2006)\u00bb.<\/p>\n\n\n\n<p class=\"has-text-align-justify\">Al final del trabajo se citar\u00e1n en orden alfab\u00e9tico por autor todas las referencias utilizadas en el texto. Se podr\u00e1n citar trabajos \u00aben prensa\u00bb, siempre que el documento haya sido aceptado para su publicaci\u00f3n y se haga constar su DOI o URL. No se aceptar\u00e1n menciones como \u00abComunicaci\u00f3n personal\u00bb o \u00abResultados no publicados\u00bb. Se indican a continuaci\u00f3n ejemplos de cita bibliogr\u00e1fica (art\u00edculo, libro, cap\u00edtulo de libro, acta de Congreso).<\/p>\n\n\n\n<p>&nbsp;<strong>Art\u00edculo<\/strong><\/p>\n\n\n\n<p class=\"has-text-align-justify\">Saxena A, Nesbitt R, Pahwa P, Mills S (2009). Crossword puzzles: Active learning in undergraduate pathology and medical education. Archives of Pathology &amp; Laboratory Medicine, 133: 1457-1462.<\/p>\n\n\n\n<p>&nbsp;<strong>Cap\u00edtulo de libro<\/strong><\/p>\n\n\n\n<p>Long A, Lock B (2010). Lectures and large groups. En: Understanding medical education (Eds. Swanwick T), pp. 139-150. Oxford, UK. Wiley-Blackwell.<\/p>\n\n\n\n<p>&nbsp;<strong>Libro<\/strong><\/p>\n\n\n\n<p>Dunne D, Brooks K (2004). Teaching with cases. Halifax, NS, Canada: Society for Teaching Learning in Higher Education.<\/p>\n\n\n\n<p>&nbsp;<strong>Acta de congreso<\/strong><\/p>\n\n\n\n<p class=\"has-text-align-justify\">Abuelo A, Benedito JL, Hernandez J, Castillo C (2014). Inclusi\u00f3n de una herramienta colaborativa en l\u00ednea para la creaci\u00f3n de MCQs como apoyo al autoaprendizaje en proped\u00e9utica cl\u00ednica. En I Congreso VetDoc de Docencia Veterinaria. Lugo, Espa\u00f1a. pp. 67.<\/p>\n\n\n\n<p>En el siguiente enlace se encuentra la plantilla de EndNote para el formato de citas de la Revista VetDoc:&nbsp;<a href=\"http:\/\/www.vetdoc.es\/documents\/vetdoc.ens\" target=\"_blank\" rel=\"noreferrer noopener\">http:\/\/www.vetdoc.es\/documents\/vetdoc.ens<\/a><\/p>\n\n\n\n<p>A continuaci\u00f3n pueden encontrar el enlace a <a href=\"https:\/\/vetdoc2022.ulpgc.es\/wp-content\/uploads\/2022\/04\/Plantilla_Resumen_VetDoc.doc\" target=\"_blank\" rel=\"noreferrer noopener\">plantilla<\/a> con el formato solicitado en los res\u00famenes.<\/p>\n\n\n\n<hr class=\"wp-block-separator\"\/>\n\n\n\n<p class=\"has-medium-font-size\"><strong>Env\u00edo de res\u00famenes a trav\u00e9s de la aplicaci\u00f3n telem\u00e1tica<\/strong><\/p>\n\n\n\n<p class=\"has-text-align-justify\">Para enviar un resumen ser\u00e1 necesario que uno de los autores se registre en la aplicaci\u00f3n telem\u00e1tica como autor:&nbsp;<\/p>\n\n\n\n<p class=\"has-text-align-left\"><a href=\"http:\/\/www.vetdoc.es\/index.php?journal=vetdoc&amp;page=user&amp;op=register\" target=\"_blank\" rel=\"noreferrer noopener\">http:\/\/www.vetdoc.es\/index.php?journal=vetdoc&amp;page=user&amp;op=register<\/a>. <\/p>\n\n\n\n<p class=\"has-text-align-justify\">Una vez dentro, deber\u00e1 seguir todos los pasos del proceso de env\u00edo de manuscritos, con las siguientes peculiaridades:<\/p>\n\n\n\n<p>&nbsp;<strong>1. Paso 1: Inicio<\/strong><\/p>\n\n\n\n<p>&nbsp;&nbsp;&nbsp;a. En la secci\u00f3n de la revista se deber\u00e1 escoger \u201cRes\u00famenes Congreso VetDoc\u201d.<\/p>\n\n\n\n<p class=\"has-text-align-justify\">&nbsp;&nbsp;b. En el caso de los res\u00famenes del Congreso, NO es necesario cargar una carta al editor con una propuesta de revisores (ya que los trabajos ser\u00e1n evaluados por los miembros del Comit\u00e9 Cient\u00edfico del Congreso) ni el archivo con los datos personales y fotograf\u00eda de los autores. No obstante, en la lista de comprobaci\u00f3n del env\u00edo, ser\u00e1 necesario marcar que se har\u00e1 esto.<\/p>\n\n\n\n<p>&nbsp;<strong>2. Paso 2: Cargar el env\u00edo<\/strong><\/p>\n\n\n\n<p class=\"has-text-align-justify\">&nbsp; &nbsp;a. Aqu\u00ed se deber\u00e1 cargar el archivo de texto *.doc, *.docx o *.odt creado siguiendo las directrices de formato anteriores.<\/p>\n\n\n\n<p>&nbsp;<strong>3. Paso 3: Introducir los metadatos del env\u00edo<\/strong><\/p>\n\n\n\n<p class=\"has-text-align-justify\">&nbsp; &nbsp;a. Es muy importante cubrir adecuadamente los datos de cada uno de los autores del trabajo (si hay m\u00e1s de uno, ser\u00e1 necesario clicar en \u201ca\u00f1adir autor\/a\u201d para poder a\u00f1adir los datos del siguiente). Los datos que se incluyan en este apartado figurar\u00e1n posteriormente vinculados al resumen una vez publicado online, por lo que cuanta m\u00e1s informaci\u00f3n se aporte, mejor.<\/p>\n\n\n\n<p class=\"has-text-align-justify\">&nbsp; &nbsp;b. Para los res\u00famenes para el Congreso VetDoc es obligatorio incluir el t\u00edtulo del env\u00edo en este apartado, siendo opcional incluir el texto del resumen o las referencias.<\/p>\n\n\n\n<p>&nbsp;<strong>4. Paso 4: Cargar los archivos complementarios<\/strong><\/p>\n\n\n\n<p class=\"has-text-align-justify\">&nbsp; &nbsp;a. NO es necesario aportar ning\u00fan archivo complementario en el env\u00edo de res\u00famenes para el Congreso. Los trabajos ser\u00e1n revisados por miembros del Comit\u00e9 Cient\u00edfico del Congreso por lo que cualquier sugerencia de los autores de potenciales revisores no ser\u00e1 tenida en cuenta para este tipo de env\u00edos.<\/p>\n\n\n\n<p>&nbsp;<strong>5. Paso 5: Confirmaci\u00f3n<\/strong><\/p>\n\n\n\n<p class=\"has-text-align-justify\">&nbsp; &nbsp;a. En este paso podr\u00e1 revisar el archivo y la informaci\u00f3n aportados en los anteriores pasos y confirmar su env\u00edo.<\/p>\n\n\n\n<p class=\"has-text-align-justify\">&nbsp; &nbsp;b. Una vez confirmado su env\u00edo, recibir\u00e1 un correo electr\u00f3nico confirmando su recepci\u00f3n. Este correo electr\u00f3nico es la confirmaci\u00f3n de que su env\u00edo ha sido satisfactorio y ser\u00e1 considerado para el VI Congreso VetDoc de Docencia Veterinaria siempre y cuando haya sido enviado dentro de los plazos establecidos por el Comit\u00e9 Organizador.<\/p>\n\n\n\n<hr class=\"wp-block-separator\"\/>\n\n\n\n<p class=\"has-medium-font-size\"><strong>Proceso de Evaluaci\u00f3n y notificaci\u00f3n de la decisi\u00f3n<\/strong><\/p>\n\n\n\n<p class=\"has-text-align-justify\">Los autores podr\u00e1n monitorizar a trav\u00e9s de la aplicaci\u00f3n telem\u00e1tica el estado de su env\u00edo. Cada trabajo ser\u00e1 evaluado independientemente por 2 miembros del Comit\u00e9 Cient\u00edfico, que conocer\u00e1n la identidad de los autores, no as\u00ed al contrario. En caso de que las evaluaciones de los 2 revisores difieran significativamente, el manuscrito podr\u00e1 ser enviado a un tercer miembro.<\/p>\n\n\n\n<p class=\"has-text-align-justify\">En caso de ser necesario, los autores deber\u00e1n modificar el resumen teniendo en cuenta las modificaciones sugeridas por los revisores antes de que sea aceptado definitivamente. Los manuscritos revisados se enviar\u00e1n a trav\u00e9s de la aplicaci\u00f3n telem\u00e1tica de la revista. Los autores deber\u00e1n enviar el manuscrito corregido indicando los cambios realizados (por ejemplo, con la funci\u00f3n de control de cambios activada).<\/p>\n\n\n\n<p class=\"has-text-align-justify\">La aceptaci\u00f3n o no de los res\u00famenes ser\u00e1 notificada al autor responsable de la correspondencia editorial tan pronto como se alcance una decisi\u00f3n editorial mediante un correo electr\u00f3nico enviado a trav\u00e9s de la aplicaci\u00f3n telem\u00e1tica. Este correo electr\u00f3nico ser\u00e1 la notificaci\u00f3n de la aceptaci\u00f3n provisional del resumen para el VI Congreso VetDoc de Docencia Veterinaria Gran Canaria 2022.<\/p>\n\n\n\n<p class=\"has-text-align-justify\"><strong>La aceptaci\u00f3n definitiva del trabajo s\u00f3lo tendr\u00e1 lugar cuando al menos uno de los autores del mismo se inscriba en el congreso en el primer plazo.<\/strong><\/p>\n\n\n\n<p class=\"has-text-align-justify\">Posteriormente, el autor responsable de la correspondencia editorial ser\u00e1 requerido por el Comit\u00e9 Organizador del Congreso a enviar una copia electr\u00f3nica del p\u00f3ster en formato PDF dentro del plazo establecido para ello.<\/p>\n\n\n\n<hr class=\"wp-block-separator\"\/>\n\n\n\n<p><strong>Formato de los p\u00f3steres<\/strong><\/p>\n\n\n\n<p class=\"has-text-align-justify\">Los p\u00f3steres deber\u00e1n enviarse en\u00a0<strong>formato PDF<\/strong>\u00a0antes del <strong>31\/05\/2022<\/strong> por correo electr\u00f3nico (<a href=\"mailto:anasofia.ramirez@ulpgc.es\" target=\"_blank\" rel=\"noreferrer noopener\">anasofia.ramirez@ulpgc.es<\/a>) con el asunto poster VetDoc, usando esta <a href=\"https:\/\/vetdoc2022.ulpgc.es\/wp-content\/uploads\/2022\/05\/Presentacion-plantilla-VetDoc2022.pptx\" target=\"_blank\" rel=\"noreferrer noopener\">plantilla<\/a>. En el presente congreso   VI VetDoc Gran Canaria 2022, <strong>no ser\u00e1 necesario <\/strong>imprimir los p\u00f3steres. Una vez enviados ser\u00e1n subidos a la web del congreso con una contrase\u00f1a de acceso que ser\u00e1 proporcionada a los autores al comienzo del mismo.<\/p>\n\n\n\n<p>En lo que respecta a presentaci\u00f3n durante el congreso, se mantiene el formato de exposici\u00f3n breve del de 3 minutos de duraci\u00f3n, sobre la proyecci\u00f3n del p\u00f3ster enviado, en la sesi\u00f3n asignada.<\/p>\n\n\n\n<hr class=\"wp-block-separator\"\/>\n\n\n\n<div class=\"wp-block-columns is-layout-flex wp-container-core-columns-is-layout-9d6595d7 wp-block-columns-is-layout-flex\">\n<div class=\"wp-block-column is-layout-flow wp-block-column-is-layout-flow\" style=\"flex-basis:100%\">\n<div class=\"wp-block-group\"><div class=\"wp-block-group__inner-container is-layout-flow wp-block-group-is-layout-flow\">\n<p class=\"has-medium-font-size\"><strong>Aceptaci\u00f3n de las normas<\/strong><\/p>\n\n\n\n<p class=\"has-text-align-justify\">El env\u00edo de trabajos al VI Congreso VetDoc de Docencia Veterinaria supone la aceptaci\u00f3n de las normas antedichas. El no adherirse a las mismas puede suponer el rechazo del trabajo presentado, su no inclusi\u00f3n en el libro de res\u00famenes y\/o la imposibilidad de presentarlo en el Congreso.<\/p>\n\n\n\n<p>El env\u00edo de los p\u00f3steres implica la aceptaci\u00f3n de su publicaci\u00f3n en la p\u00e1gina web del congreso. Tanto el acceso a los p\u00f3steres como los documentos en formato pdf estar\u00e1n protegidos con contrase\u00f1a.<\/p>\n<\/div><\/div>\n\n\n\n<hr class=\"wp-block-separator\"\/>\n<\/div>\n<\/div>\n","protected":false},"excerpt":{"rendered":"<p>La Junta Directiva de la Asociaci\u00f3n Espa\u00f1ola de Veterinarios Docentes (VetDoc), siguiendo sus objetivos fundacionales decidi\u00f3 poner en marcha en<span class=\"exprt-dot\"><\/span><\/p>\n","protected":false},"author":1,"featured_media":0,"parent":0,"menu_order":0,"comment_status":"closed","ping_status":"closed","template":"","meta":{"spay_email":"","footnotes":""},"class_list":["post-44","page","type-page","status-publish","hentry"],"yoast_head":"<!-- This site is optimized with the Yoast SEO plugin v18.1 - https:\/\/yoast.com\/wordpress\/plugins\/seo\/ -->\n<title>Res\u00famenes - VI Congreso VetDoc Gran Canaria 2022<\/title>\n<meta name=\"robots\" content=\"index, follow, max-snippet:-1, max-image-preview:large, max-video-preview:-1\" \/>\n<link rel=\"canonical\" href=\"https:\/\/vetdoc2022.ulpgc.es\/index.php\/resumenes\/\" \/>\n<meta property=\"og:locale\" content=\"es_ES\" \/>\n<meta property=\"og:type\" content=\"article\" \/>\n<meta property=\"og:title\" content=\"Res\u00famenes - VI Congreso VetDoc Gran Canaria 2022\" \/>\n<meta property=\"og:description\" content=\"La Junta Directiva de la Asociaci\u00f3n Espa\u00f1ola de Veterinarios Docentes (VetDoc), siguiendo sus objetivos fundacionales decidi\u00f3 poner en marcha en\" \/>\n<meta property=\"og:url\" content=\"https:\/\/vetdoc2022.ulpgc.es\/index.php\/resumenes\/\" \/>\n<meta property=\"og:site_name\" content=\"VI Congreso VetDoc Gran Canaria 2022\" \/>\n<meta property=\"article:modified_time\" content=\"2022-05-13T21:49:26+00:00\" \/>\n<meta name=\"twitter:card\" content=\"summary_large_image\" \/>\n<meta name=\"twitter:label1\" content=\"Tiempo de lectura\" \/>\n\t<meta name=\"twitter:data1\" content=\"8 minutos\" \/>\n<script type=\"application\/ld+json\" class=\"yoast-schema-graph\">{\"@context\":\"https:\/\/schema.org\",\"@graph\":[{\"@type\":\"Organization\",\"@id\":\"https:\/\/vetdoc2022.ulpgc.es\/#organization\",\"name\":\"VetDoc 2022\",\"url\":\"https:\/\/vetdoc2022.ulpgc.es\/\",\"sameAs\":[],\"logo\":{\"@type\":\"ImageObject\",\"@id\":\"https:\/\/vetdoc2022.ulpgc.es\/#logo\",\"inLanguage\":\"es\",\"url\":\"https:\/\/vetdoc2022.ulpgc.es\/wp-content\/uploads\/2022\/02\/vetdoc-logo-Gran-Canaria-1-scaled.jpg\",\"contentUrl\":\"https:\/\/vetdoc2022.ulpgc.es\/wp-content\/uploads\/2022\/02\/vetdoc-logo-Gran-Canaria-1-scaled.jpg\",\"width\":2560,\"height\":1566,\"caption\":\"VetDoc 2022\"},\"image\":{\"@id\":\"https:\/\/vetdoc2022.ulpgc.es\/#logo\"}},{\"@type\":\"WebSite\",\"@id\":\"https:\/\/vetdoc2022.ulpgc.es\/#website\",\"url\":\"https:\/\/vetdoc2022.ulpgc.es\/\",\"name\":\"VI Congreso VetDoc Gran Canaria 2022\",\"description\":\"8, 9 y 10 de junio 2022\",\"publisher\":{\"@id\":\"https:\/\/vetdoc2022.ulpgc.es\/#organization\"},\"potentialAction\":[{\"@type\":\"SearchAction\",\"target\":{\"@type\":\"EntryPoint\",\"urlTemplate\":\"https:\/\/vetdoc2022.ulpgc.es\/?s={search_term_string}\"},\"query-input\":\"required name=search_term_string\"}],\"inLanguage\":\"es\"},{\"@type\":\"WebPage\",\"@id\":\"https:\/\/vetdoc2022.ulpgc.es\/index.php\/resumenes\/#webpage\",\"url\":\"https:\/\/vetdoc2022.ulpgc.es\/index.php\/resumenes\/\",\"name\":\"Res\u00famenes - VI Congreso VetDoc Gran Canaria 2022\",\"isPartOf\":{\"@id\":\"https:\/\/vetdoc2022.ulpgc.es\/#website\"},\"datePublished\":\"2022-02-01T12:58:51+00:00\",\"dateModified\":\"2022-05-13T21:49:26+00:00\",\"breadcrumb\":{\"@id\":\"https:\/\/vetdoc2022.ulpgc.es\/index.php\/resumenes\/#breadcrumb\"},\"inLanguage\":\"es\",\"potentialAction\":[{\"@type\":\"ReadAction\",\"target\":[\"https:\/\/vetdoc2022.ulpgc.es\/index.php\/resumenes\/\"]}]},{\"@type\":\"BreadcrumbList\",\"@id\":\"https:\/\/vetdoc2022.ulpgc.es\/index.php\/resumenes\/#breadcrumb\",\"itemListElement\":[{\"@type\":\"ListItem\",\"position\":1,\"name\":\"Portada\",\"item\":\"https:\/\/vetdoc2022.ulpgc.es\/\"},{\"@type\":\"ListItem\",\"position\":2,\"name\":\"Res\u00famenes\"}]}]}<\/script>\n<!-- \/ Yoast SEO plugin. -->","yoast_head_json":{"title":"Res\u00famenes - VI Congreso VetDoc Gran Canaria 2022","robots":{"index":"index","follow":"follow","max-snippet":"max-snippet:-1","max-image-preview":"max-image-preview:large","max-video-preview":"max-video-preview:-1"},"canonical":"https:\/\/vetdoc2022.ulpgc.es\/index.php\/resumenes\/","og_locale":"es_ES","og_type":"article","og_title":"Res\u00famenes - VI Congreso VetDoc Gran Canaria 2022","og_description":"La Junta Directiva de la Asociaci\u00f3n Espa\u00f1ola de Veterinarios Docentes (VetDoc), siguiendo sus objetivos fundacionales decidi\u00f3 poner en marcha en","og_url":"https:\/\/vetdoc2022.ulpgc.es\/index.php\/resumenes\/","og_site_name":"VI Congreso VetDoc Gran Canaria 2022","article_modified_time":"2022-05-13T21:49:26+00:00","twitter_card":"summary_large_image","twitter_misc":{"Tiempo de lectura":"8 minutos"},"schema":{"@context":"https:\/\/schema.org","@graph":[{"@type":"Organization","@id":"https:\/\/vetdoc2022.ulpgc.es\/#organization","name":"VetDoc 2022","url":"https:\/\/vetdoc2022.ulpgc.es\/","sameAs":[],"logo":{"@type":"ImageObject","@id":"https:\/\/vetdoc2022.ulpgc.es\/#logo","inLanguage":"es","url":"https:\/\/vetdoc2022.ulpgc.es\/wp-content\/uploads\/2022\/02\/vetdoc-logo-Gran-Canaria-1-scaled.jpg","contentUrl":"https:\/\/vetdoc2022.ulpgc.es\/wp-content\/uploads\/2022\/02\/vetdoc-logo-Gran-Canaria-1-scaled.jpg","width":2560,"height":1566,"caption":"VetDoc 2022"},"image":{"@id":"https:\/\/vetdoc2022.ulpgc.es\/#logo"}},{"@type":"WebSite","@id":"https:\/\/vetdoc2022.ulpgc.es\/#website","url":"https:\/\/vetdoc2022.ulpgc.es\/","name":"VI Congreso VetDoc Gran Canaria 2022","description":"8, 9 y 10 de junio 2022","publisher":{"@id":"https:\/\/vetdoc2022.ulpgc.es\/#organization"},"potentialAction":[{"@type":"SearchAction","target":{"@type":"EntryPoint","urlTemplate":"https:\/\/vetdoc2022.ulpgc.es\/?s={search_term_string}"},"query-input":"required name=search_term_string"}],"inLanguage":"es"},{"@type":"WebPage","@id":"https:\/\/vetdoc2022.ulpgc.es\/index.php\/resumenes\/#webpage","url":"https:\/\/vetdoc2022.ulpgc.es\/index.php\/resumenes\/","name":"Res\u00famenes - VI Congreso VetDoc Gran Canaria 2022","isPartOf":{"@id":"https:\/\/vetdoc2022.ulpgc.es\/#website"},"datePublished":"2022-02-01T12:58:51+00:00","dateModified":"2022-05-13T21:49:26+00:00","breadcrumb":{"@id":"https:\/\/vetdoc2022.ulpgc.es\/index.php\/resumenes\/#breadcrumb"},"inLanguage":"es","potentialAction":[{"@type":"ReadAction","target":["https:\/\/vetdoc2022.ulpgc.es\/index.php\/resumenes\/"]}]},{"@type":"BreadcrumbList","@id":"https:\/\/vetdoc2022.ulpgc.es\/index.php\/resumenes\/#breadcrumb","itemListElement":[{"@type":"ListItem","position":1,"name":"Portada","item":"https:\/\/vetdoc2022.ulpgc.es\/"},{"@type":"ListItem","position":2,"name":"Res\u00famenes"}]}]}},"_links":{"self":[{"href":"https:\/\/vetdoc2022.ulpgc.es\/index.php\/wp-json\/wp\/v2\/pages\/44","targetHints":{"allow":["GET"]}}],"collection":[{"href":"https:\/\/vetdoc2022.ulpgc.es\/index.php\/wp-json\/wp\/v2\/pages"}],"about":[{"href":"https:\/\/vetdoc2022.ulpgc.es\/index.php\/wp-json\/wp\/v2\/types\/page"}],"author":[{"embeddable":true,"href":"https:\/\/vetdoc2022.ulpgc.es\/index.php\/wp-json\/wp\/v2\/users\/1"}],"replies":[{"embeddable":true,"href":"https:\/\/vetdoc2022.ulpgc.es\/index.php\/wp-json\/wp\/v2\/comments?post=44"}],"version-history":[{"count":15,"href":"https:\/\/vetdoc2022.ulpgc.es\/index.php\/wp-json\/wp\/v2\/pages\/44\/revisions"}],"predecessor-version":[{"id":316,"href":"https:\/\/vetdoc2022.ulpgc.es\/index.php\/wp-json\/wp\/v2\/pages\/44\/revisions\/316"}],"wp:attachment":[{"href":"https:\/\/vetdoc2022.ulpgc.es\/index.php\/wp-json\/wp\/v2\/media?parent=44"}],"curies":[{"name":"wp","href":"https:\/\/api.w.org\/{rel}","templated":true}]}}